{"id":346,"date":"2014-09-26T19:28:08","date_gmt":"2014-09-26T17:28:08","guid":{"rendered":"http:\/\/seth-polarlichter.de\/?page_id=346"},"modified":"2014-10-05T21:52:39","modified_gmt":"2014-10-05T19:52:39","slug":"polarlichter-selber-fotografieren","status":"publish","type":"page","link":"http:\/\/seth-polarlichter.de\/?page_id=346","title":{"rendered":"selber fotografieren"},"content":{"rendered":"<h4>Ich empfehle Dir, eine gute Kamera mitzunehmen, wenn Du dich aufmachst Polarlichter zu beobachten. Durch die l\u00e4ngeren Belichtungszeiten kann die Kamera viel mehr sehen als\u00a0Dein Auge. Viele Polarlichter werden nur von einer Kamera festgehalten.<\/h4>\n<h4>Am Besten\u00a0nutzt Du eine digitale Spiegelreflexkamera, denn die vielf\u00e4ltigen Einstellungsm\u00f6glichkeiten und die M\u00f6glichkeit die Optik den Gegebenheiten anzupassen, steigert die Chance auf gute Fotos.\u00a0 Es funktioniert aber auch mit Kompaktkameras und Smartphones, folgende Optionen sollte die Kamera allerdings\u00a0bieten:<\/h4>\n<h4 style=\"padding-left: 30px;\"><img loading=\"lazy\" decoding=\"async\" class=\"alignright size-medium wp-image-718\" src=\"http:\/\/seth-polarlichter.de\/wp-content\/uploads\/2014\/09\/2014-10-05-11.39-300x219.jpg\" alt=\"2014-10-05 11.39\" width=\"300\" height=\"219\" srcset=\"http:\/\/seth-polarlichter.de\/wp-content\/uploads\/2014\/09\/2014-10-05-11.39-300x219.jpg 300w, http:\/\/seth-polarlichter.de\/wp-content\/uploads\/2014\/09\/2014-10-05-11.39-150x109.jpg 150w, http:\/\/seth-polarlichter.de\/wp-content\/uploads\/2014\/09\/2014-10-05-11.39-1024x749.jpg 1024w\" sizes=\"(max-width: 300px) 100vw, 300px\" \/>manuelle Steuerung von Blende und Belichtungszeit<\/p>\n<p>manuelle Fokussierung<\/p>\n<p>lichtstarkes Objektiv<\/p>\n<p>Stativgewinde<\/p>\n<p>Fernbedienung<\/h4>\n<h4>Meine Bilder entstehen fast immer\u00a0mit einer Nikon \u00a9 DSLR mit 11mm Brennweite bei Blende 2,8. Die Belichtungszeit w\u00e4hle ich zwischen 20 und 30 Sekunden, beim ISO-Wert gehe ich bis maximal 800. Ausgel\u00f6st wird die Kamera mit Spiegelvorausl\u00f6sung und einer Fernbedienung. Nat\u00fcrlich habe ich meine Kamera auf einem\u00a0stabilen Stativ montiert.<\/h4>\n<p>&nbsp;<\/p>\n<h4><\/h4>\n","protected":false},"excerpt":{"rendered":"<p>Ich empfehle Dir, eine gute Kamera mitzunehmen, wenn Du dich aufmachst Polarlichter zu beobachten. Durch die l\u00e4ngeren Belichtungszeiten kann die Kamera viel mehr sehen als\u00a0Dein Auge. Viele Polarlichter werden nur von einer Kamera festgehalten. Am<a class=\"read-more\" href=\"http:\/\/seth-polarlichter.de\/?page_id=346\">Continue reading<\/a><\/p>\n","protected":false},"author":1,"featured_media":0,"parent":355,"menu_order":2,"comment_status":"closed","ping_status":"closed","template":"","meta":{"footnotes":""},"_links":{"self":[{"href":"http:\/\/seth-polarlichter.de\/index.php?rest_route=\/wp\/v2\/pages\/346"}],"collection":[{"href":"http:\/\/seth-polarlichter.de\/index.php?rest_route=\/wp\/v2\/pages"}],"about":[{"href":"http:\/\/seth-polarlichter.de\/index.php?rest_route=\/wp\/v2\/types\/page"}],"author":[{"embeddable":true,"href":"http:\/\/seth-polarlichter.de\/index.php?rest_route=\/wp\/v2\/users\/1"}],"replies":[{"embeddable":true,"href":"http:\/\/seth-polarlichter.de\/index.php?rest_route=%2Fwp%2Fv2%2Fcomments&post=346"}],"version-history":[{"count":24,"href":"http:\/\/seth-polarlichter.de\/index.php?rest_route=\/wp\/v2\/pages\/346\/revisions"}],"predecessor-version":[{"id":775,"href":"http:\/\/seth-polarlichter.de\/index.php?rest_route=\/wp\/v2\/pages\/346\/revisions\/775"}],"up":[{"embeddable":true,"href":"http:\/\/seth-polarlichter.de\/index.php?rest_route=\/wp\/v2\/pages\/355"}],"wp:attachment":[{"href":"http:\/\/seth-polarlichter.de\/index.php?rest_route=%2Fwp%2Fv2%2Fmedia&parent=346"}],"curies":[{"name":"wp","href":"https:\/\/api.w.org\/{rel}","templated":true}]}}