{"id":197,"date":"2014-09-10T22:04:07","date_gmt":"2014-09-10T20:04:07","guid":{"rendered":"http:\/\/seth-polarlichter.de\/?page_id=197"},"modified":"2014-10-05T19:58:46","modified_gmt":"2014-10-05T17:58:46","slug":"die-seite","status":"publish","type":"page","link":"http:\/\/seth-polarlichter.de\/?page_id=197","title":{"rendered":"die Seite"},"content":{"rendered":"<h4>In meinem zweiten\u00a0Island-Urlaub im M\u00e4rz 2009 habe ich zum ersten Mal Polarlichter gesehen. Auch damals habe ich versucht das im Foto festzuhalten. Leider konnten wir die geliehene\u00a0Spiegelreflexkamera nicht \u00fcberreden ein Bild\u00a0zu machen, und die Ergebnisse meiner <span style=\"color: #0000ff;\"><a style=\"color: #0000ff;\" title=\"24. M\u00e4rz 2009\" href=\"http:\/\/seth-polarlichter.de\/?p=440\">kompakten<\/a><\/span> sind doch\u00a0sehr d\u00fcrftig.<\/h4>\n<h4>Wieder zuhause habe ich dann voller Begeisterung von dem Erlebnis erz\u00e4hlt. Mein Vater sagte dann, er habe auch hier schon Polarlichter gesehen. Damit hat er mein Interesse geweckt und ich forschte im Internet nach Polarlichtern in Deutschland.<br \/>\n2011 kaufte ich mir meine Spiegelreflexkamera. Damit war es mir m\u00f6glich, selber auf die &#8222;Jagd&#8220; nach Polarlichtern zu gehen. Da in den Jahren viele tolle Bilder entstanden sind, habe ich mich dazu entschlossen, diese auf dieser Seite zu ver\u00f6ffentlichen.<\/h4>\n<h4>Zus\u00e4tzlich zu den Polarlichtern faszinieren mich auch andere Ph\u00e4nome in der Atmosph\u00e4re wie Blitze, Halos, Regenb\u00f6gen usw. auch diese Bilder findest Du auf dieser Seite.<\/h4>\n<h4>Ich w\u00fcnsche Dir nun viel Spa\u00df beim Bilder gucken, und Vielleicht habe ich ja Dein Interesse geweckt.<\/h4>\n<p>&nbsp;<\/p>\n<p>&nbsp;<\/p>\n<p>&nbsp;<\/p>\n<p>&nbsp;<\/p>\n<p>&nbsp;<\/p>\n<p>&nbsp;<\/p>\n<h4><\/h4>\n<h4><\/h4>\n<h4><\/h4>\n<h4><\/h4>\n<h4><\/h4>\n<h4><\/h4>\n<h4><\/h4>\n<h4><\/h4>\n<p>&nbsp;<\/p>\n","protected":false},"excerpt":{"rendered":"<p>In meinem zweiten\u00a0Island-Urlaub im M\u00e4rz 2009 habe ich zum ersten Mal Polarlichter gesehen. Auch damals habe ich versucht das im Foto festzuhalten. Leider konnten wir die geliehene\u00a0Spiegelreflexkamera nicht \u00fcberreden ein Bild\u00a0zu machen, und die Ergebnisse<a class=\"read-more\" href=\"http:\/\/seth-polarlichter.de\/?page_id=197\">Continue reading<\/a><\/p>\n","protected":false},"author":1,"featured_media":0,"parent":195,"menu_order":2,"comment_status":"closed","ping_status":"closed","template":"","meta":{"footnotes":""},"_links":{"self":[{"href":"http:\/\/seth-polarlichter.de\/index.php?rest_route=\/wp\/v2\/pages\/197"}],"collection":[{"href":"http:\/\/seth-polarlichter.de\/index.php?rest_route=\/wp\/v2\/pages"}],"about":[{"href":"http:\/\/seth-polarlichter.de\/index.php?rest_route=\/wp\/v2\/types\/page"}],"author":[{"embeddable":true,"href":"http:\/\/seth-polarlichter.de\/index.php?rest_route=\/wp\/v2\/users\/1"}],"replies":[{"embeddable":true,"href":"http:\/\/seth-polarlichter.de\/index.php?rest_route=%2Fwp%2Fv2%2Fcomments&post=197"}],"version-history":[{"count":12,"href":"http:\/\/seth-polarlichter.de\/index.php?rest_route=\/wp\/v2\/pages\/197\/revisions"}],"predecessor-version":[{"id":774,"href":"http:\/\/seth-polarlichter.de\/index.php?rest_route=\/wp\/v2\/pages\/197\/revisions\/774"}],"up":[{"embeddable":true,"href":"http:\/\/seth-polarlichter.de\/index.php?rest_route=\/wp\/v2\/pages\/195"}],"wp:attachment":[{"href":"http:\/\/seth-polarlichter.de\/index.php?rest_route=%2Fwp%2Fv2%2Fmedia&parent=197"}],"curies":[{"name":"wp","href":"https:\/\/api.w.org\/{rel}","templated":true}]}}

<h4>In meinem zweiten Island-Urlaub im März 2009 habe ich zum ersten Mal Polarlichter gesehen. Auch damals habe ich versucht das im Foto festzuhalten. Leider konnten wir die geliehene Spiegelreflexkamera nicht überreden ein Bild zu machen, und die Ergebnisse meiner <span style="color: #0000ff;"><a style="color: #0000ff;" title="24. März 2009" href="http://seth-polarlichter.de/?p=440">kompakten</a></span> sind doch sehr dürftig.</h4>
<h4>Wieder zuhause habe ich dann voller Begeisterung von dem Erlebnis erzählt. Mein Vater sagte dann, er habe auch hier schon Polarlichter gesehen. Damit hat er mein Interesse geweckt und ich forschte im Internet nach Polarlichtern in Deutschland.<br />
2011 kaufte ich mir meine Spiegelreflexkamera. Damit war es mir möglich, selber auf die &#8222;Jagd&#8220; nach Polarlichtern zu gehen. Da in den Jahren viele tolle Bilder entstanden sind, habe ich mich dazu entschlossen, diese auf dieser Seite zu veröffentlichen.</h4>
<h4>Zusätzlich zu den Polarlichtern faszinieren mich auch andere Phänome in der Atmosphäre wie Blitze, Halos, Regenbögen usw. auch diese Bilder findest Du auf dieser Seite.</h4>
<h4>Ich wünsche Dir nun viel Spaß beim Bilder gucken, und Vielleicht habe ich ja Dein Interesse geweckt.</h4>
<p>&nbsp;</p>
<p>&nbsp;</p>
<p>&nbsp;</p>
<p>&nbsp;</p>
<p>&nbsp;</p>
<p>&nbsp;</p>
<h4></h4>
<h4></h4>
<h4></h4>
<h4></h4>
<h4></h4>
<h4></h4>
<h4></h4>
<h4></h4>
<p>&nbsp;</p>

<p>In meinem zweiten Island-Urlaub im März 2009 habe ich zum ersten Mal Polarlichter gesehen. Auch damals habe ich versucht das im Foto festzuhalten. Leider konnten wir die geliehene Spiegelreflexkamera nicht überreden ein Bild zu machen, und die Ergebnisse<a class="read-more" href="http://seth-polarlichter.de/?page_id=197">Continue reading</a></p>
