{"id":148,"date":"2014-09-10T19:16:13","date_gmt":"2014-09-10T17:16:13","guid":{"rendered":"http:\/\/seth-polarlichter.de\/?page_id=148"},"modified":"2018-07-28T14:50:12","modified_gmt":"2018-07-28T12:50:12","slug":"halos","status":"publish","type":"page","link":"http:\/\/seth-polarlichter.de\/?page_id=148","title":{"rendered":"andere Erscheinungen"},"content":{"rendered":"<h4>Neben Polarlichtern und Blitzen gibt es noch viele andere Erscheinungen am Himmel. Diese Kategorie wird sich nach und nach mit Bildern f\u00fcllen.<\/h4>\n<h4>Zum Anschauen der Seite klicke bitte auf das Bild<\/h4>\n<h4><strong><span style=\"text-decoration: underline;\">Halos<\/span><\/strong><\/h4>\n<h4>Halos sind Lichtkr\u00e4nze die wie Regenb\u00f6gen um die Sonne auftauchen k\u00f6nnen. Mehr dazu findest Du bei <span style=\"color: #0000ff;\"><a style=\"color: #0000ff;\" href=\"http:\/\/de.wikipedia.org\/wiki\/Halo_(Lichteffekt)\" target=\"_blank\" rel=\"noopener\">Wikipedia<\/a>\u00a0<\/span><\/h4>\n<figure id=\"attachment_159\" aria-describedby=\"caption-attachment-159\" style=\"width: 270px\" class=\"wp-caption alignnone\"><a href=\"http:\/\/seth-polarlichter.de\/?p=151\"><img loading=\"lazy\" decoding=\"async\" class=\"wp-image-159\" src=\"http:\/\/seth-polarlichter.de\/wp-content\/uploads\/ngg_featured\/DSC0004.jpg\" alt=\"10. September 2014\" width=\"270\" height=\"179\" srcset=\"http:\/\/seth-polarlichter.de\/wp-content\/uploads\/ngg_featured\/DSC0004.jpg 1029w, http:\/\/seth-polarlichter.de\/wp-content\/uploads\/ngg_featured\/DSC0004-150x99.jpg 150w, http:\/\/seth-polarlichter.de\/wp-content\/uploads\/ngg_featured\/DSC0004-300x199.jpg 300w, http:\/\/seth-polarlichter.de\/wp-content\/uploads\/ngg_featured\/DSC0004-1024x679.jpg 1024w, http:\/\/seth-polarlichter.de\/wp-content\/uploads\/ngg_featured\/DSC0004-960x640.jpg 960w, http:\/\/seth-polarlichter.de\/wp-content\/uploads\/ngg_featured\/DSC0004-480x320.jpg 480w, http:\/\/seth-polarlichter.de\/wp-content\/uploads\/ngg_featured\/DSC0004-320x213.jpg 320w, http:\/\/seth-polarlichter.de\/wp-content\/uploads\/ngg_featured\/DSC0004-240x160.jpg 240w\" sizes=\"(max-width: 270px) 100vw, 270px\" \/><\/a><figcaption id=\"caption-attachment-159\" class=\"wp-caption-text\">10. September 2014<\/figcaption><\/figure>\n<figure id=\"attachment_159\" aria-describedby=\"caption-attachment-159\" style=\"width: 270px\" class=\"wp-caption alignnone\"><a href=\"http:\/\/seth-polarlichter.de\/?p=1475\"><img loading=\"lazy\" decoding=\"async\" class=\"wp-image-159\" src=\"http:\/\/seth-polarlichter.de\/wp-content\/uploads\/2017\/06\/DSC0833.jpg\" alt=\"10. September 2014\" width=\"270\" height=\"179\" \/><\/a><figcaption id=\"caption-attachment-159\" class=\"wp-caption-text\">14. Juni 2017<\/figcaption><\/figure>\n<h4><\/h4>\n<h4><strong><span style=\"text-decoration: underline;\">Regenb\u00f6gen<\/span><\/strong><\/h4>\n<figure id=\"attachment_914\" aria-describedby=\"caption-attachment-914\" style=\"width: 270px\" class=\"wp-caption alignnone\"><a href=\"http:\/\/seth-polarlichter.de\/?p=896\"><img loading=\"lazy\" decoding=\"async\" class=\"wp-image-914\" src=\"http:\/\/seth-polarlichter.de\/wp-content\/uploads\/ngg_featured\/DSC9518-300x199.jpg\" alt=\"25. November 2012\" width=\"270\" height=\"179\" srcset=\"http:\/\/seth-polarlichter.de\/wp-content\/uploads\/ngg_featured\/DSC9518-300x199.jpg 300w, http:\/\/seth-polarlichter.de\/wp-content\/uploads\/ngg_featured\/DSC9518-150x100.jpg 150w, http:\/\/seth-polarlichter.de\/wp-content\/uploads\/ngg_featured\/DSC9518-1024x680.jpg 1024w, http:\/\/seth-polarlichter.de\/wp-content\/uploads\/ngg_featured\/DSC9518-960x640.jpg 960w, http:\/\/seth-polarlichter.de\/wp-content\/uploads\/ngg_featured\/DSC9518-480x320.jpg 480w, http:\/\/seth-polarlichter.de\/wp-content\/uploads\/ngg_featured\/DSC9518-320x213.jpg 320w, http:\/\/seth-polarlichter.de\/wp-content\/uploads\/ngg_featured\/DSC9518-240x160.jpg 240w, http:\/\/seth-polarlichter.de\/wp-content\/uploads\/ngg_featured\/DSC9518.jpg 1029w\" sizes=\"(max-width: 270px) 100vw, 270px\" \/><\/a><figcaption id=\"caption-attachment-914\" class=\"wp-caption-text\">25. November 2012<\/figcaption><\/figure>\n<h4><strong><span style=\"text-decoration: underline;\">Mondfinsternis<\/span><\/strong><\/h4>\n<figure id=\"attachment_1179\" aria-describedby=\"caption-attachment-1179\" style=\"width: 270px\" class=\"wp-caption alignnone\"><a href=\"http:\/\/seth-polarlichter.de\/?p=1131\"><img loading=\"lazy\" decoding=\"async\" class=\"wp-image-1179\" src=\"http:\/\/seth-polarlichter.de\/wp-content\/uploads\/ngg_featured\/DSC5363_1.jpg\" alt=\"28. September 2015\" width=\"270\" height=\"179\" srcset=\"http:\/\/seth-polarlichter.de\/wp-content\/uploads\/ngg_featured\/DSC5363_1.jpg 1029w, http:\/\/seth-polarlichter.de\/wp-content\/uploads\/ngg_featured\/DSC5363_1-150x100.jpg 150w, http:\/\/seth-polarlichter.de\/wp-content\/uploads\/ngg_featured\/DSC5363_1-300x199.jpg 300w, http:\/\/seth-polarlichter.de\/wp-content\/uploads\/ngg_featured\/DSC5363_1-1024x681.jpg 1024w, http:\/\/seth-polarlichter.de\/wp-content\/uploads\/ngg_featured\/DSC5363_1-960x640.jpg 960w, http:\/\/seth-polarlichter.de\/wp-content\/uploads\/ngg_featured\/DSC5363_1-480x320.jpg 480w, http:\/\/seth-polarlichter.de\/wp-content\/uploads\/ngg_featured\/DSC5363_1-320x213.jpg 320w, http:\/\/seth-polarlichter.de\/wp-content\/uploads\/ngg_featured\/DSC5363_1-240x160.jpg 240w\" sizes=\"(max-width: 270px) 100vw, 270px\" \/><\/a><figcaption id=\"caption-attachment-1179\" class=\"wp-caption-text\">28. September 2015<\/figcaption><\/figure>\n<figure id=\"attachment_1179\" aria-describedby=\"caption-attachment-1179\" style=\"width: 270px\" class=\"wp-caption alignnone\"><a href=\"http:\/\/seth-polarlichter.de\/?p=1840\"><img loading=\"lazy\" decoding=\"async\" class=\"wp-image-1179\" src=\"http:\/\/seth-polarlichter.de\/wp-content\/uploads\/2018\/07\/DSC_4093.jpg\" alt=\"27. Juli 2018\" width=\"270\" height=\"179\" \/><\/a><figcaption id=\"caption-attachment-1179\" class=\"wp-caption-text\">27. Juli 2018<\/figcaption><\/figure>\n","protected":false},"excerpt":{"rendered":"<p>Neben Polarlichtern und Blitzen gibt es noch viele andere Erscheinungen am Himmel. Diese Kategorie wird sich nach und nach mit Bildern f\u00fcllen. Zum Anschauen der Seite klicke bitte auf das Bild Halos Halos sind Lichtkr\u00e4nze<a class=\"read-more\" href=\"http:\/\/seth-polarlichter.de\/?page_id=148\">Continue reading<\/a><\/p>\n","protected":false},"author":1,"featured_media":0,"parent":110,"menu_order":3,"comment_status":"closed","ping_status":"closed","template":"","meta":{"footnotes":""},"_links":{"self":[{"href":"http:\/\/seth-polarlichter.de\/index.php?rest_route=\/wp\/v2\/pages\/148"}],"collection":[{"href":"http:\/\/seth-polarlichter.de\/index.php?rest_route=\/wp\/v2\/pages"}],"about":[{"href":"http:\/\/seth-polarlichter.de\/index.php?rest_route=\/wp\/v2\/types\/page"}],"author":[{"embeddable":true,"href":"http:\/\/seth-polarlichter.de\/index.php?rest_route=\/wp\/v2\/users\/1"}],"replies":[{"embeddable":true,"href":"http:\/\/seth-polarlichter.de\/index.php?rest_route=%2Fwp%2Fv2%2Fcomments&post=148"}],"version-history":[{"count":48,"href":"http:\/\/seth-polarlichter.de\/index.php?rest_route=\/wp\/v2\/pages\/148\/revisions"}],"predecessor-version":[{"id":1863,"href":"http:\/\/seth-polarlichter.de\/index.php?rest_route=\/wp\/v2\/pages\/148\/revisions\/1863"}],"up":[{"embeddable":true,"href":"http:\/\/seth-polarlichter.de\/index.php?rest_route=\/wp\/v2\/pages\/110"}],"wp:attachment":[{"href":"http:\/\/seth-polarlichter.de\/index.php?rest_route=%2Fwp%2Fv2%2Fmedia&parent=148"}],"curies":[{"name":"wp","href":"https:\/\/api.w.org\/{rel}","templated":true}]}}

<h4>Neben Polarlichtern und Blitzen gibt es noch viele andere Erscheinungen am Himmel. Diese Kategorie wird sich nach und nach mit Bildern füllen.</h4>
<h4>Zum Anschauen der Seite klicke bitte auf das Bild</h4>
<h4><strong><span style="text-decoration: underline;">Halos</span></strong></h4>
<h4>Halos sind Lichtkränze die wie Regenbögen um die Sonne auftauchen können. Mehr dazu findest Du bei <span style="color: #0000ff;"><a style="color: #0000ff;" href="http://de.wikipedia.org/wiki/Halo_(Lichteffekt)" target="_blank" rel="noopener">Wikipedia</a> </span></h4>
<figure id="attachment_159" aria-describedby="caption-attachment-159" style="width: 270px" class="wp-caption alignnone"><a href="http://seth-polarlichter.de/?p=151"><img loading="lazy" decoding="async" class="wp-image-159" src="http://seth-polarlichter.de/wp-content/uploads/ngg_featured/DSC0004.jpg" alt="10. September 2014" width="270" height="179" srcset="http://seth-polarlichter.de/wp-content/uploads/ngg_featured/DSC0004.jpg 1029w, http://seth-polarlichter.de/wp-content/uploads/ngg_featured/DSC0004-150x99.jpg 150w, http://seth-polarlichter.de/wp-content/uploads/ngg_featured/DSC0004-300x199.jpg 300w, http://seth-polarlichter.de/wp-content/uploads/ngg_featured/DSC0004-1024x679.jpg 1024w, http://seth-polarlichter.de/wp-content/uploads/ngg_featured/DSC0004-960x640.jpg 960w, http://seth-polarlichter.de/wp-content/uploads/ngg_featured/DSC0004-480x320.jpg 480w, http://seth-polarlichter.de/wp-content/uploads/ngg_featured/DSC0004-320x213.jpg 320w, http://seth-polarlichter.de/wp-content/uploads/ngg_featured/DSC0004-240x160.jpg 240w" sizes="(max-width: 270px) 100vw, 270px" /></a><figcaption id="caption-attachment-159" class="wp-caption-text">10. September 2014</figcaption></figure>
<figure id="attachment_159" aria-describedby="caption-attachment-159" style="width: 270px" class="wp-caption alignnone"><a href="http://seth-polarlichter.de/?p=1475"><img loading="lazy" decoding="async" class="wp-image-159" src="http://seth-polarlichter.de/wp-content/uploads/2017/06/DSC0833.jpg" alt="10. September 2014" width="270" height="179" /></a><figcaption id="caption-attachment-159" class="wp-caption-text">14. Juni 2017</figcaption></figure>
<h4></h4>
<h4><strong><span style="text-decoration: underline;">Regenbögen</span></strong></h4>
<figure id="attachment_914" aria-describedby="caption-attachment-914" style="width: 270px" class="wp-caption alignnone"><a href="http://seth-polarlichter.de/?p=896"><img loading="lazy" decoding="async" class="wp-image-914" src="http://seth-polarlichter.de/wp-content/uploads/ngg_featured/DSC9518-300x199.jpg" alt="25. November 2012" width="270" height="179" srcset="http://seth-polarlichter.de/wp-content/uploads/ngg_featured/DSC9518-300x199.jpg 300w, http://seth-polarlichter.de/wp-content/uploads/ngg_featured/DSC9518-150x100.jpg 150w, http://seth-polarlichter.de/wp-content/uploads/ngg_featured/DSC9518-1024x680.jpg 1024w, http://seth-polarlichter.de/wp-content/uploads/ngg_featured/DSC9518-960x640.jpg 960w, http://seth-polarlichter.de/wp-content/uploads/ngg_featured/DSC9518-480x320.jpg 480w, http://seth-polarlichter.de/wp-content/uploads/ngg_featured/DSC9518-320x213.jpg 320w, http://seth-polarlichter.de/wp-content/uploads/ngg_featured/DSC9518-240x160.jpg 240w, http://seth-polarlichter.de/wp-content/uploads/ngg_featured/DSC9518.jpg 1029w" sizes="(max-width: 270px) 100vw, 270px" /></a><figcaption id="caption-attachment-914" class="wp-caption-text">25. November 2012</figcaption></figure>
<h4><strong><span style="text-decoration: underline;">Mondfinsternis</span></strong></h4>
<figure id="attachment_1179" aria-describedby="caption-attachment-1179" style="width: 270px" class="wp-caption alignnone"><a href="http://seth-polarlichter.de/?p=1131"><img loading="lazy" decoding="async" class="wp-image-1179" src="http://seth-polarlichter.de/wp-content/uploads/ngg_featured/DSC5363_1.jpg" alt="28. September 2015" width="270" height="179" srcset="http://seth-polarlichter.de/wp-content/uploads/ngg_featured/DSC5363_1.jpg 1029w, http://seth-polarlichter.de/wp-content/uploads/ngg_featured/DSC5363_1-150x100.jpg 150w, http://seth-polarlichter.de/wp-content/uploads/ngg_featured/DSC5363_1-300x199.jpg 300w, http://seth-polarlichter.de/wp-content/uploads/ngg_featured/DSC5363_1-1024x681.jpg 1024w, http://seth-polarlichter.de/wp-content/uploads/ngg_featured/DSC5363_1-960x640.jpg 960w, http://seth-polarlichter.de/wp-content/uploads/ngg_featured/DSC5363_1-480x320.jpg 480w, http://seth-polarlichter.de/wp-content/uploads/ngg_featured/DSC5363_1-320x213.jpg 320w, http://seth-polarlichter.de/wp-content/uploads/ngg_featured/DSC5363_1-240x160.jpg 240w" sizes="(max-width: 270px) 100vw, 270px" /></a><figcaption id="caption-attachment-1179" class="wp-caption-text">28. September 2015</figcaption></figure>
<figure id="attachment_1179" aria-describedby="caption-attachment-1179" style="width: 270px" class="wp-caption alignnone"><a href="http://seth-polarlichter.de/?p=1840"><img loading="lazy" decoding="async" class="wp-image-1179" src="http://seth-polarlichter.de/wp-content/uploads/2018/07/DSC_4093.jpg" alt="27. Juli 2018" width="270" height="179" /></a><figcaption id="caption-attachment-1179" class="wp-caption-text">27. Juli 2018</figcaption></figure>

<p>Neben Polarlichtern und Blitzen gibt es noch viele andere Erscheinungen am Himmel. Diese Kategorie wird sich nach und nach mit Bildern füllen. Zum Anschauen der Seite klicke bitte auf das Bild Halos Halos sind Lichtkränze<a class="read-more" href="http://seth-polarlichter.de/?page_id=148">Continue reading</a></p>
