{"id":146,"date":"2014-09-10T19:16:00","date_gmt":"2014-09-10T17:16:00","guid":{"rendered":"http:\/\/seth-polarlichter.de\/?page_id=146"},"modified":"2014-10-06T18:15:54","modified_gmt":"2014-10-06T16:15:54","slug":"blitze","status":"publish","type":"page","link":"http:\/\/seth-polarlichter.de\/?page_id=146","title":{"rendered":"Blitze"},"content":{"rendered":"<h4>Gewitter sind mit den Blitzen ein sehr beindruckendes Erlebnis. Nat\u00fcrlich darf dabei nicht die Gefahr au\u00dfer Acht gelassen werden. Wenn man aber einen sicheren Beobachtungsstandort findet, kann man sehr einfach spektakul\u00e4re Bilder machen. Mit einem Klick auf das Bild kannst Du dir die Bilder ansehen.<\/h4>\n<figure id=\"attachment_288\" aria-describedby=\"caption-attachment-288\" style=\"width: 270px\" class=\"wp-caption alignleft\"><a href=\"http:\/\/seth-polarlichter.de\/?p=270\"><img loading=\"lazy\" decoding=\"async\" class=\"wp-image-288\" src=\"http:\/\/seth-polarlichter.de\/wp-content\/uploads\/ngg_featured\/DSC6849.jpg\" alt=\"22. Mai 2014\" width=\"270\" height=\"179\" srcset=\"http:\/\/seth-polarlichter.de\/wp-content\/uploads\/ngg_featured\/DSC6849.jpg 1029w, http:\/\/seth-polarlichter.de\/wp-content\/uploads\/ngg_featured\/DSC6849-150x99.jpg 150w, http:\/\/seth-polarlichter.de\/wp-content\/uploads\/ngg_featured\/DSC6849-300x199.jpg 300w, http:\/\/seth-polarlichter.de\/wp-content\/uploads\/ngg_featured\/DSC6849-1024x679.jpg 1024w, http:\/\/seth-polarlichter.de\/wp-content\/uploads\/ngg_featured\/DSC6849-960x640.jpg 960w, http:\/\/seth-polarlichter.de\/wp-content\/uploads\/ngg_featured\/DSC6849-480x320.jpg 480w, http:\/\/seth-polarlichter.de\/wp-content\/uploads\/ngg_featured\/DSC6849-320x213.jpg 320w, http:\/\/seth-polarlichter.de\/wp-content\/uploads\/ngg_featured\/DSC6849-240x160.jpg 240w\" sizes=\"(max-width: 270px) 100vw, 270px\" \/><\/a><figcaption id=\"caption-attachment-288\" class=\"wp-caption-text\">22. Mai 2014\u00a0<br \/>\u00a0<\/figcaption><\/figure>\n<figure id=\"attachment_243\" aria-describedby=\"caption-attachment-243\" style=\"width: 270px\" class=\"wp-caption alignleft\"><a href=\"http:\/\/seth-polarlichter.de\/?p=233\"><img loading=\"lazy\" decoding=\"async\" class=\"wp-image-243\" src=\"http:\/\/seth-polarlichter.de\/wp-content\/uploads\/ngg_featured\/DSC1598_bearbeitet.jpg\" alt=\"15. Mai 2013\" width=\"270\" height=\"179\" srcset=\"http:\/\/seth-polarlichter.de\/wp-content\/uploads\/ngg_featured\/DSC1598_bearbeitet.jpg 1029w, http:\/\/seth-polarlichter.de\/wp-content\/uploads\/ngg_featured\/DSC1598_bearbeitet-150x99.jpg 150w, http:\/\/seth-polarlichter.de\/wp-content\/uploads\/ngg_featured\/DSC1598_bearbeitet-300x199.jpg 300w, http:\/\/seth-polarlichter.de\/wp-content\/uploads\/ngg_featured\/DSC1598_bearbeitet-1024x679.jpg 1024w, http:\/\/seth-polarlichter.de\/wp-content\/uploads\/ngg_featured\/DSC1598_bearbeitet-960x640.jpg 960w, http:\/\/seth-polarlichter.de\/wp-content\/uploads\/ngg_featured\/DSC1598_bearbeitet-480x320.jpg 480w, http:\/\/seth-polarlichter.de\/wp-content\/uploads\/ngg_featured\/DSC1598_bearbeitet-320x213.jpg 320w, http:\/\/seth-polarlichter.de\/wp-content\/uploads\/ngg_featured\/DSC1598_bearbeitet-240x160.jpg 240w\" sizes=\"(max-width: 270px) 100vw, 270px\" \/><\/a><figcaption id=\"caption-attachment-243\" class=\"wp-caption-text\">15. Mai 2013\u00a0<br \/>\u00a0<\/figcaption><\/figure>\n<figure id=\"attachment_487\" aria-describedby=\"caption-attachment-487\" style=\"width: 270px\" class=\"wp-caption alignleft\"><a href=\"http:\/\/seth-polarlichter.de\/?p=468\"><img loading=\"lazy\" decoding=\"async\" class=\"wp-image-487\" src=\"http:\/\/seth-polarlichter.de\/wp-content\/uploads\/ngg_featured\/DSC5511.jpg\" alt=\"26. August 2011\" width=\"270\" height=\"179\" srcset=\"http:\/\/seth-polarlichter.de\/wp-content\/uploads\/ngg_featured\/DSC5511.jpg 1029w, http:\/\/seth-polarlichter.de\/wp-content\/uploads\/ngg_featured\/DSC5511-150x99.jpg 150w, http:\/\/seth-polarlichter.de\/wp-content\/uploads\/ngg_featured\/DSC5511-300x199.jpg 300w, http:\/\/seth-polarlichter.de\/wp-content\/uploads\/ngg_featured\/DSC5511-1024x679.jpg 1024w, http:\/\/seth-polarlichter.de\/wp-content\/uploads\/ngg_featured\/DSC5511-960x640.jpg 960w, http:\/\/seth-polarlichter.de\/wp-content\/uploads\/ngg_featured\/DSC5511-480x320.jpg 480w, http:\/\/seth-polarlichter.de\/wp-content\/uploads\/ngg_featured\/DSC5511-320x213.jpg 320w, http:\/\/seth-polarlichter.de\/wp-content\/uploads\/ngg_featured\/DSC5511-240x160.jpg 240w\" sizes=\"(max-width: 270px) 100vw, 270px\" \/><\/a><figcaption id=\"caption-attachment-487\" class=\"wp-caption-text\">26. August 2011\u00a0<br \/>\u00a0<\/figcaption><\/figure>\n<p>&nbsp;<\/p>\n<p>&nbsp;<\/p>\n<p>&nbsp;<\/p>\n<p>&nbsp;<\/p>\n<p>&nbsp;<\/p>\n<p>&nbsp;<\/p>\n<p>&nbsp;<\/p>\n<p>&nbsp;<\/p>\n<p>&nbsp;<\/p>\n<p>&nbsp;<\/p>\n<p>&nbsp;<\/p>\n<p>&nbsp;<\/p>\n<p>&nbsp;<\/p>\n<p>&nbsp;<\/p>\n","protected":false},"excerpt":{"rendered":"<p>Gewitter sind mit den Blitzen ein sehr beindruckendes Erlebnis. Nat\u00fcrlich darf dabei nicht die Gefahr au\u00dfer Acht gelassen werden. Wenn man aber einen sicheren Beobachtungsstandort findet, kann man sehr einfach spektakul\u00e4re Bilder machen. Mit einem<a class=\"read-more\" href=\"http:\/\/seth-polarlichter.de\/?page_id=146\">Continue reading<\/a><\/p>\n","protected":false},"author":1,"featured_media":0,"parent":110,"menu_order":2,"comment_status":"closed","ping_status":"closed","template":"","meta":{"footnotes":""},"_links":{"self":[{"href":"http:\/\/seth-polarlichter.de\/index.php?rest_route=\/wp\/v2\/pages\/146"}],"collection":[{"href":"http:\/\/seth-polarlichter.de\/index.php?rest_route=\/wp\/v2\/pages"}],"about":[{"href":"http:\/\/seth-polarlichter.de\/index.php?rest_route=\/wp\/v2\/types\/page"}],"author":[{"embeddable":true,"href":"http:\/\/seth-polarlichter.de\/index.php?rest_route=\/wp\/v2\/users\/1"}],"replies":[{"embeddable":true,"href":"http:\/\/seth-polarlichter.de\/index.php?rest_route=%2Fwp%2Fv2%2Fcomments&post=146"}],"version-history":[{"count":42,"href":"http:\/\/seth-polarlichter.de\/index.php?rest_route=\/wp\/v2\/pages\/146\/revisions"}],"predecessor-version":[{"id":784,"href":"http:\/\/seth-polarlichter.de\/index.php?rest_route=\/wp\/v2\/pages\/146\/revisions\/784"}],"up":[{"embeddable":true,"href":"http:\/\/seth-polarlichter.de\/index.php?rest_route=\/wp\/v2\/pages\/110"}],"wp:attachment":[{"href":"http:\/\/seth-polarlichter.de\/index.php?rest_route=%2Fwp%2Fv2%2Fmedia&parent=146"}],"curies":[{"name":"wp","href":"https:\/\/api.w.org\/{rel}","templated":true}]}}